d by 37?
33
Suppose -4*b = -4*u + 168, 0 = -5*u + 4*b - 5*b + 216. Let s = u + -36. What is the remainder when 16 is divided by s?
2
Suppose -5*v = p + 2*p - 29, -3*p = -2*v - 22. Calculate the remainder when 16 is divided by p/12 - (-10)/3.
0
Suppose -4 = j, -9*m + 5*m + j = -652. Calculate the remainder when 322 is divided by m.
160
Let l(k) = -k**2 - 17*k - 5. Let h = 38 + 16. What is the remainder when h is divided by l(-16)?
10
Let l be -3*1 + (-1 - 4). Let u be l/28 + (-46)/(-14). Calculate the remainder when 6/(-4)*(-2)/u is divided by 1.
0
Let o = -49 + 313. What is the remainder when o is divided by 38?
36
Let x(b) = 5*b. Let k(j) = 16*j + 1. Let f(v) = -2*k(v) + 7*x(v). Let a = 7 + -4. Calculate the remainder when 11 is divided by f(a).
4
Suppose -2*x - x = 3, -2*t - 2*x = -104. Calculate the remainder when 106 is divided by t.
0
What is the remainder when (-1)/(2560/(-365) - -7) is divided by 37?
36
Let m = 1723 + -1702. Calculate the remainder when m is divided by 4.
1
Let a = 143 + -140. Suppose 245 = a*t + 2*t. Calculate the remainder when t is divided by 38.
11
Suppose 0 = -y - 3*y - 2*f - 44, 5*y + 3*f = -57. What is the remainder when 63 is divided by (-8)/1*18/y?
15
Let w = 399 - 54. Let f be w/(-4) + (-2)/(-8). Let d = f - -151. Calculate the remainder when d is divided by 22.
21
Suppose -2*h - 4 = 0, -2*h + 37 = 5*b - 74. Suppose 0 = a + 4*a - 110. Let o = a - 13. What is the remainder when b is divided by o?
5
Suppose -3*x + 3*o + 162 = 6*o, x - 4*o = 54. Calculate the remainder when x is divided by 13.
2
Let q = 1766 - 1010. Calculate the remainder when q is divided by 69.
66
Suppose 2*z + 4 = 8. Suppose 0 = -5*t - z*r + 21 + 4, 0 = -2*t - r + 10. What is the remainder when 1*(16 - (-1 + 0)) is divided by t?
2
What is the remainder when 22/(-44) + (-63)/(-2) + -2 is divided by 12?
5
Let k = -116 + 68. Let m = k - -66. What is the remainder when 26 is divided by m?
8
Suppose 0*h - h = 2*q - 58, 4*q + 4*h - 108 = 0. Suppose -21 = 3*b - 72. What is the remainder when q is divided by b?
14
Let i(l) = -25*l + 18. Let n(o) = 13*o - 10. Let z(d) = 4*i(d) + 7*n(d). What is the remainder when z(-2) is divided by 7?
6
Let a(f) = -f**3 + 19*f**2 - 32*f - 9. Calculate the remainder when 65 is divided by a(17).
15
Let d(i) = -i**3 - 2*i**2 - 2*i - 6. Suppose 69 = 11*a - 151. Calculate the remainder when d(-5) is divided by a.
19
Let z be 18/4*4/6*1. Suppose -16 = 4*p, f + 2*f - z*p - 24 = 0. What is the remainder when 10 is divided by f?
2
Suppose -3 = -s - 4*u + 2*u, 4*s - 4*u - 48 = 0. Calculate the remainder when s is divided by 6.
3
Let c(y) = y + 1 - y**2 + 289*y**3 + 290*y**3 - 576*y**3. Let w be -1*2/(-2 - -1). What is the remainder when 66 is divided by c(w)?
20
Let t be -1 + 4 + (-1*63)/7. Calculate the remainder when 54 is divided by 152/120*5*t/(-2).
16
Let f = 14 + -10. Suppose 0 = 3*g - 4*u - 103, -f*g - 68 = -u - 214. Suppose 5 = 5*w, t - 131 = -5*w - g. Calculate the remainder when t is divided by 23.
20
Calculate the remainder when 218 is divided by (-12)/(-10)*3 + 24/60.
2
Let y(g) = 4*g + 9. Let x be y(4). Suppose b = 4*s - 4*b + x, -3*b = s - 15. Suppose 0*m - 3*m + 159 = s. What is the remainder when m is divided by 14?
11
Suppose -6*d = -4*d - 46. Suppose -5*q + 6*q - 87 = 0. What is the remainder when q is divided by d?
18
Let q = -333 - -407. Calculate the remainder when q is divided by 40.
34
Let q(k) = -2*k - 6. Let f be q(-6). Suppose -5*w = -f*w + 112. Let g = w + -74. Calculate the remainder when g is divided by 8.
6
Suppose -5*k - 18 = -3. Calculate the remainder when k/(-6)*2 + 27 is divided by 16.
12
Let x(v) = 77*v**2 + v + 1. Let r be x(-1). Suppose r*s - 102 = 74*s. Calculate the remainder when 130 is divided by s.
28
Let r(w) = -w**2 + 10*w + 21. Calculate the remainder when 47 is divided by r(11).
7
Suppose -2*y + 11 = -3. Suppose 41 = 4*q + 737*h - 732*h, 0 = -3*q + 2*h + 25. What is the remainder when q is divided by y?
2
Suppose -27*n + 80 + 82 = 0. Calculate the remainder when 32 is divided by n.
2
Suppose 6*o - 167 = 895. Calculate the remainder when o is divided by 59.
0
Let r(k) = 6*k**2 - 2*k - 1. Let h be r(-1). Suppose 4 = h*n - 3*n. What is the remainder when 109 is divided by 34*n + 5 + -2?
35
Let b(j) = j**2 - 9*j - 18. Let y be b(11). Suppose -6 = -4*d + y*f + 14, 5*d - 4*f = 21. Calculate the remainder when d is divided by 1.
0
Let v(d) = 2*d**2 - 5*d - 4. Suppose -125 = -5*u + w, 100 = u + 3*u + 2*w. Calculate the remainder when v(-4) is divided by u.
23
Let i(k) = k**3 + k + 1. Let a = 99 - 97. What is the remainder when 20 is divided by i(a)?
9
Let h(f) = -f + 79. Suppose d - 5*v + 4 = -1, 2*v - 8 = 0. What is the remainder when h(d) is divided by 6?
4
Let h = -16 - -18. Suppose 48 = h*f - 5*v, -4*v + 51 = 4*f - 17. What is the remainder when f is divided by 12?
7
Suppose -31*g + 643 + 132 = 0. Suppose -3*t + 85 = -4*i, -t + 7*i = 3*i - 31. Suppose -2*s + t - 1 = 0. What is the remainder when g is divided by s?
12
Let j(o) = -2*o + 1. Let g = -10 + 12. Suppose -w = g*w + 15. What is the remainder when 30 is divided by j(w)?
8
Let m(l) = 33*l - 1. Let k = 3 + -2. Let q be m(k). Let f = q + -22. What is the remainder when 29 is divided by f?
9
Suppose -603 = 7*z + 615. What is the remainder when 127 is divided by 4*(z/(-8))/3 + 3?
31
Let a = -7 - -7. Suppose 0 = 5*t - 25, 2*w + t = -a*t + 13. Suppose -w*r = r - 15, -5*c + 5*r = -255. Calculate the remainder when c is divided by 14.
12
Let c(d) = -3*d**3 + d**2 - 4*d - 3. Let l be 184/24 - (-1)/3. Calculate the remainder when c(-2) is divided by (-4)/l - (-111)/6.
15
Let u(w) = 9*w**2 - 3*w + 12. Let f(i) = i**2 - i. Let v(k) = -4*f(k) + u(k). Calculate the remainder when v(4) is divided by 14.
12
Suppose g + g - 40 = -4*z, -5*g = -z - 133. Calculate the remainder when 363 is divided by g.
25
Suppose -6*u + 523 = -371. What is the remainder when u is divided by 38?
35
Let g(j) = 9*j**2 + j + 1. Let a be (1 + -2)/(-1)*-1. Suppose -6*z + 2*u = -2*z - 130, 3*z + u - 105 = 0. Calculate the remainder when z is divided by g(a).
7
Let y = -11 + 22. Suppose -9*s = -y*s - 44. Calculate the remainder when 4/(-8) - s/4 is divided by 2.
1
Let z(d) = -d**2 - 23*d + 107. What is the remainder when z(-26) is divided by 16?
13
Let c = 219 - 140. Let j be 74/(-2) - (-11 - -6). Let v = c + j. Calculate the remainder when v is divided by 25.
22
Suppose 8 - 72 = -4*k. What is the remainder when k is divided by 6?
4
Let g(i) = -i**2 + 34*i + 165. Calculate the remainder when g(35) is divided by 27.
22
Suppose 0 = 5*a + 2*k + k - 312, 0 = a + 4*k - 76. Let n = a - 44. Calculate the remainder when 47 is divided by n.
15
Suppose -2*z - 18 = -5*n, -4*z + 3*n = 2*n. Let r(b) = 14*b**3. Calculate the remainder when 39 is divided by r(z).
11
Let b(g) = 9*g - 12. Let w be b(7). Suppose -3*d + 5*z + 120 = 2*d, 2*d = 3*z + w. What is the remainder when 82 is divided by d?
19
Let h(x) = -x**3 - 6*x - 55. Calculate the remainder when h(-6) is divided by 18.
17
What is the remainder when 10 is divided by (2 + (-7)/7)*(7 + 0)?
3
Suppose 2*f - 230 = -46. Calculate the remainder when f is divided by (2/4)/((-1722)/288 + 6).
20
Let m(f) = -f**3 + 30*f**2 + 45*f - 38. What is the remainder when m(31) is divided by 8?
4
Let j be 1/1 - 2 - 1. Suppose -4*f = -6*z + z - 169, 2*z + 178 = 4*f. Calculate the remainder when f is divided by 15*j*(-2)/5.
10
Suppose 58 - 16 = 3*y. Let p(f) = f**3 - 13*f**2 - 16*f + 31. What is the remainder when p(y) is divided by 2?
1
Suppose -k + 14 = 3*h - 0*h, 20 = 3*h - 5*k. Let c(l) = 25*l - 18. Calculate the remainder when c(h) is divided by 28.
23
Suppose 0 = -45*x + 53*x - 392. Suppose -48*w = -x*w + 8. What is the remainder when 13 is divided by w?
5
Suppose -5*f - 608 - 357 = 0. Let q be (-1)/(-2 - f/97). Let i = q - 50. Calculate the remainder when i is divided by 12.
11
Suppose 85 = 2*k + 4*u - 395, -237 = -k + u. Calculate the remainder when k is divided by 10.
8
Let f be (0/(-1))/1 + -10. Let a = -40 + 63. Let k = a + f. Calculate the remainder when 38 is divided by k.
12
Let f be ((-119)/(-14))/((-2)/(-4)). Let i = -14 + f. Suppose 3*t - 9 = i. What is the remainder when 9 is divided by t?
1
Suppose -29*i - 552 = -75*i. Calculate